{"id":910,"date":"2013-09-05T04:10:06","date_gmt":"2013-09-05T03:10:06","guid":{"rendered":"http:\/\/www.jsp-saintmauricedebeynost.com\/?page_id=910"},"modified":"2020-09-10T17:57:39","modified_gmt":"2020-09-10T16:57:39","slug":"pieces-de-jonctions","status":"publish","type":"page","link":"https:\/\/www.jsp-saintmauricedebeynost.com\/?page_id=910","title":{"rendered":"Pi\u00e8ces de jonctions"},"content":{"rendered":"<link type=\"text\/css\" rel=\"stylesheet\" href=\"http:\/\/www.jsp-saintmauricedebeynost.com\/wp-content\/plugins\/quizzin\/style.css\" \/>\r\n<script type=\"text\/javascript\" src=\"http:\/\/www.jsp-saintmauricedebeynost.com\/wp-includes\/js\/jquery\/jquery.js\"><\/script>\r\n<script type=\"text\/javascript\" src=\"http:\/\/www.jsp-saintmauricedebeynost.com\/wp-content\/plugins\/quizzin\/script.js\"><\/script>\r\n\r\n<div class=\"quiz-area single-page-quiz\">\r\n<form action=\"\" method=\"post\" class=\"quiz-form\" id=\"quiz-49\">\r\n<div class='quizzin-question' id='question-1'><div class='question-content'>1) Lorsque je veux raccorder 2 demi-raccords diff\u00e9rents, de m\u00eame diam\u00e8tre, j\u2019utilise :<\/div><br \/><input type='hidden' name='question_id[]' value='461' \/><input type='radio' name='answer-461' id='answer-id-1783' class='answer answer-1 ' value='1783' \/><label for='answer-id-1783' id='answer-label-1783' class=' answer label-1'><span>Le raccord de r\u00e9duction<\/span><\/label><br \/><input type='radio' name='answer-461' id='answer-id-1784' class='answer answer-1 ' value='1784' \/><label for='answer-id-1784' id='answer-label-1784' class=' answer label-1'><span>Le raccord interm\u00e9diaire<\/span><\/label><br \/><input type='radio' name='answer-461' id='answer-id-1785' class='answer answer-1 ' value='1785' \/><label for='answer-id-1785' id='answer-label-1785' class=' answer label-1'><span>La retenue<\/span><\/label><br \/><\/div><div class='quizzin-question' id='question-2'><div class='question-content'>2) Les raccords utilis\u00e9s sur la LDT sont des raccords :<\/div><br \/><input type='hidden' name='question_id[]' value='462' \/><input type='radio' name='answer-462' id='answer-id-1786' class='answer answer-2 ' value='1786' \/><label for='answer-id-1786' id='answer-label-1786' class=' answer label-2'><span>A vis<\/span><\/label><br \/><input type='radio' name='answer-462' id='answer-id-1787' class='answer answer-2 ' value='1787' \/><label for='answer-id-1787' id='answer-label-1787' class=' answer label-2'><span>Sym\u00e9trique<\/span><\/label><br \/><input type='radio' name='answer-462' id='answer-id-1788' class='answer answer-2 ' value='1788' \/><label for='answer-id-1788' id='answer-label-1788' class=' answer label-2'><span>De transformation<\/span><\/label><br \/><\/div><div class='quizzin-question' id='question-3'><div class='question-content'>3) La majorit\u00e9 des tuyaux d\u2019extinction de diam\u00e8tre 45, 70 mm sont des raccords :<\/div><br \/><input type='hidden' name='question_id[]' value='463' \/><input type='radio' name='answer-463' id='answer-id-1789' class='answer answer-3 ' value='1789' \/><label for='answer-id-1789' id='answer-label-1789' class=' answer label-3'><span>AR<\/span><\/label><br \/><input type='radio' name='answer-463' id='answer-id-1790' class='answer answer-3 ' value='1790' \/><label for='answer-id-1790' id='answer-label-1790' class=' answer label-3'><span>GFR<\/span><\/label><br \/><input type='radio' name='answer-463' id='answer-id-1791' class='answer answer-3 ' value='1791' \/><label for='answer-id-1791' id='answer-label-1791' class=' answer label-3'><span>DSP<\/span><\/label><br \/><\/div><div class='quizzin-question' id='question-4'><div class='question-content'>4) La pi\u00e8ce de jonction avec vanne, utilis\u00e9 sur la BI est :<\/div><br \/><input type='hidden' name='question_id[]' value='464' \/><input type='radio' name='answer-464' id='answer-id-1792' class='answer answer-4 ' value='1792' \/><label for='answer-id-1792' id='answer-label-1792' class=' answer label-4'><span>La retenue<\/span><\/label><br \/><input type='radio' name='answer-464' id='answer-id-1793' class='answer answer-4 ' value='1793' \/><label for='answer-id-1793' id='answer-label-1793' class=' answer label-4'><span>Le coude d\u2019alimentation<\/span><\/label><br \/><input type='radio' name='answer-464' id='answer-id-1794' class='answer answer-4 ' value='1794' \/><label for='answer-id-1794' id='answer-label-1794' class=' answer label-4'><span>La division<\/span><\/label><br \/><\/div><div class='quizzin-question' id='question-5'><div class='question-content'>5) Lorsque je veux raccorder 2 demi-raccords similaires de diam\u00e8tre diff\u00e9rent, j\u2019utilise :<\/div><br \/><input type='hidden' name='question_id[]' value='465' \/><input type='radio' name='answer-465' id='answer-id-1795' class='answer answer-5 ' value='1795' \/><label for='answer-id-1795' id='answer-label-1795' class=' answer label-5'><span>Le raccord interm\u00e9diaire<\/span><\/label><br \/><input type='radio' name='answer-465' id='answer-id-1796' class='answer answer-5 ' value='1796' \/><label for='answer-id-1796' id='answer-label-1796' class=' answer label-5'><span>Le raccord de r\u00e9duction<\/span><\/label><br \/><input type='radio' name='answer-465' id='answer-id-1797' class='answer answer-5 ' value='1797' \/><label for='answer-id-1797' id='answer-label-1797' class=' answer label-5'><span>La retenue<\/span><\/label><br \/><\/div><div class='quizzin-question' id='question-6'><div class='question-content'>6) Pour alimenter l\u2019engin en diam\u00e8tre 70, j\u2019utilise :<\/div><br \/><input type='hidden' name='question_id[]' value='466' \/><input type='radio' name='answer-466' id='answer-id-1813' class='answer answer-6 ' value='1813' \/><label for='answer-id-1813' id='answer-label-1813' class=' answer label-6'><span>Le collecteur d\u2019alimentation<\/span><\/label><br \/><input type='radio' name='answer-466' id='answer-id-1814' class='answer answer-6 ' value='1814' \/><label for='answer-id-1814' id='answer-label-1814' class=' answer label-6'><span>Le coude d\u2019alimentation<\/span><\/label><br \/><input type='radio' name='answer-466' id='answer-id-1815' class='answer answer-6 ' value='1815' \/><label for='answer-id-1815' id='answer-label-1815' class=' answer label-6'><span>La division<\/span><\/label><br \/><\/div><div class='quizzin-question' id='question-7'><div class='question-content'>7) La pi\u00e8ce de jonction sans vannes utilis\u00e9e sur la BI est :<\/div><br \/><input type='hidden' name='question_id[]' value='467' \/><input type='radio' name='answer-467' id='answer-id-1801' class='answer answer-7 ' value='1801' \/><label for='answer-id-1801' id='answer-label-1801' class=' answer label-7'><span>La retenue<\/span><\/label><br \/><input type='radio' name='answer-467' id='answer-id-1802' class='answer answer-7 ' value='1802' \/><label for='answer-id-1802' id='answer-label-1802' class=' answer label-7'><span>Le coude d\u2019alimentation<\/span><\/label><br \/><input type='radio' name='answer-467' id='answer-id-1803' class='answer answer-7 ' value='1803' \/><label for='answer-id-1803' id='answer-label-1803' class=' answer label-7'><span>Le collecteur d\u2019alimentation<\/span><\/label><br \/><\/div><div class='quizzin-question' id='question-8'><div class='question-content'>8) Pour passer d\u2019un \u00e9tablissement \u00e0 plusieurs \u00e9tablissements secondaires, j\u2019utilise :  <\/div><br \/><input type='hidden' name='question_id[]' value='468' \/><input type='radio' name='answer-468' id='answer-id-1804' class='answer answer-8 ' value='1804' \/><label for='answer-id-1804' id='answer-label-1804' class=' answer label-8'><span>Le collecteur d\u2019alimentation<\/span><\/label><br \/><input type='radio' name='answer-468' id='answer-id-1805' class='answer answer-8 ' value='1805' \/><label for='answer-id-1805' id='answer-label-1805' class=' answer label-8'><span>La division<\/span><\/label><br \/><input type='radio' name='answer-468' id='answer-id-1806' class='answer answer-8 ' value='1806' \/><label for='answer-id-1806' id='answer-label-1806' class=' answer label-8'><span>La vanne de pied d\u2019\u00e9chelle<\/span><\/label><br \/><\/div><div class='quizzin-question' id='question-9'><div class='question-content'>9) 2 demi-raccords identiques s\u2019appellent un raccord :<\/div><br \/><input type='hidden' name='question_id[]' value='469' \/><input type='radio' name='answer-469' id='answer-id-1807' class='answer answer-9 ' value='1807' \/><label for='answer-id-1807' id='answer-label-1807' class=' answer label-9'><span>Sym\u00e9triques<\/span><\/label><br \/><input type='radio' name='answer-469' id='answer-id-1808' class='answer answer-9 ' value='1808' \/><label for='answer-id-1808' id='answer-label-1808' class=' answer label-9'><span>A vis (GFR)<\/span><\/label><br \/><input type='radio' name='answer-469' id='answer-id-1809' class='answer answer-9 ' value='1809' \/><label for='answer-id-1809' id='answer-label-1809' class=' answer label-9'><span>Interm\u00e9diaire<\/span><\/label><br \/><\/div><div class='quizzin-question' id='question-10'><div class='question-content'>10) Pour purger un \u00e9tablissement oblique sur EPC, j\u2019utilise : <\/div><br \/><input type='hidden' name='question_id[]' value='470' \/><input type='radio' name='answer-470' id='answer-id-1810' class='answer answer-10 ' value='1810' \/><label for='answer-id-1810' id='answer-label-1810' class=' answer label-10'><span>Une division<\/span><\/label><br \/><input type='radio' name='answer-470' id='answer-id-1811' class='answer answer-10 ' value='1811' \/><label for='answer-id-1811' id='answer-label-1811' class=' answer label-10'><span>Un collecteur d\u2019alimentation<\/span><\/label><br \/><input type='radio' name='answer-470' id='answer-id-1812' class='answer answer-10 ' value='1812' \/><label for='answer-id-1812' id='answer-label-1812' class=' answer label-10'><span>Une vanne de pied d\u2019\u00e9chelle<\/span><\/label><br \/><\/div><br \/>\r\n<input type=\"button\" id=\"next-question\" value=\"Suivant &gt;\"  \/><br \/>\r\n\r\n<input type=\"submit\" name=\"action\" id=\"action-button\" value=\"Voir le r\u00e9sultat\"  \/>\r\n<input type=\"hidden\" name=\"quiz_id\" value=\"49\" \/>\r\n<\/form>\r\n<\/div>\r\n\r\n\n","protected":false},"excerpt":{"rendered":"","protected":false},"author":1,"featured_media":0,"parent":2542,"menu_order":0,"comment_status":"closed","ping_status":"closed","template":"","meta":{"ngg_post_thumbnail":0,"_themeisle_gutenberg_block_has_review":false,"footnotes":""},"class_list":["post-910","page","type-page","status-publish","hentry"],"_links":{"self":[{"href":"https:\/\/www.jsp-saintmauricedebeynost.com\/index.php?rest_route=\/wp\/v2\/pages\/910","targetHints":{"allow":["GET"]}}],"collection":[{"href":"https:\/\/www.jsp-saintmauricedebeynost.com\/index.php?rest_route=\/wp\/v2\/pages"}],"about":[{"href":"https:\/\/www.jsp-saintmauricedebeynost.com\/index.php?rest_route=\/wp\/v2\/types\/page"}],"author":[{"embeddable":true,"href":"https:\/\/www.jsp-saintmauricedebeynost.com\/index.php?rest_route=\/wp\/v2\/users\/1"}],"replies":[{"embeddable":true,"href":"https:\/\/www.jsp-saintmauricedebeynost.com\/index.php?rest_route=%2Fwp%2Fv2%2Fcomments&post=910"}],"version-history":[{"count":1,"href":"https:\/\/www.jsp-saintmauricedebeynost.com\/index.php?rest_route=\/wp\/v2\/pages\/910\/revisions"}],"predecessor-version":[{"id":911,"href":"https:\/\/www.jsp-saintmauricedebeynost.com\/index.php?rest_route=\/wp\/v2\/pages\/910\/revisions\/911"}],"up":[{"embeddable":true,"href":"https:\/\/www.jsp-saintmauricedebeynost.com\/index.php?rest_route=\/wp\/v2\/pages\/2542"}],"wp:attachment":[{"href":"https:\/\/www.jsp-saintmauricedebeynost.com\/index.php?rest_route=%2Fwp%2Fv2%2Fmedia&parent=910"}],"curies":[{"name":"wp","href":"https:\/\/api.w.org\/{rel}","templated":true}]}}