{"id":867,"date":"2013-09-03T09:57:40","date_gmt":"2013-09-03T08:57:40","guid":{"rendered":"http:\/\/www.jsp-saintmauricedebeynost.com\/?page_id=867"},"modified":"2020-09-10T17:57:39","modified_gmt":"2020-09-10T16:57:39","slug":"comportement-et-reaction-au-feu","status":"publish","type":"page","link":"https:\/\/www.jsp-saintmauricedebeynost.com\/?page_id=867","title":{"rendered":"Comportement et r\u00e9action au feu"},"content":{"rendered":"<link type=\"text\/css\" rel=\"stylesheet\" href=\"http:\/\/www.jsp-saintmauricedebeynost.com\/wp-content\/plugins\/quizzin\/style.css\" \/>\r\n<script type=\"text\/javascript\" src=\"http:\/\/www.jsp-saintmauricedebeynost.com\/wp-includes\/js\/jquery\/jquery.js\"><\/script>\r\n<script type=\"text\/javascript\" src=\"http:\/\/www.jsp-saintmauricedebeynost.com\/wp-content\/plugins\/quizzin\/script.js\"><\/script>\r\n\r\n<div class=\"quiz-area single-page-quiz\">\r\n<form action=\"\" method=\"post\" class=\"quiz-form\" id=\"quiz-40\">\r\n<div class='quizzin-question' id='question-1'><div class='question-content'>1) Classe A1 et A2<\/div><br \/><input type='hidden' name='question_id[]' value='371' \/><input type='radio' name='answer-371' id='answer-id-1498' class='answer answer-1 ' value='1498' \/><label for='answer-id-1498' id='answer-label-1498' class=' answer label-1'><span>Produit non class\u00e9 ou non test\u00e9.<\/span><\/label><br \/><input type='radio' name='answer-371' id='answer-id-1499' class='answer answer-1 ' value='1499' \/><label for='answer-id-1499' id='answer-label-1499' class=' answer label-1'><span>Produit non combustible.<\/span><\/label><br \/><input type='radio' name='answer-371' id='answer-id-1500' class='answer answer-1 ' value='1500' \/><label for='answer-id-1500' id='answer-label-1500' class=' answer label-1'><span>Produit faiblement combustible.<\/span><\/label><br \/><\/div><div class='quizzin-question' id='question-2'><div class='question-content'>2) Classe B<\/div><br \/><input type='hidden' name='question_id[]' value='372' \/><input type='radio' name='answer-372' id='answer-id-1501' class='answer answer-2 ' value='1501' \/><label for='answer-id-1501' id='answer-label-1501' class=' answer label-2'><span>Produit non class\u00e9 ou non test\u00e9.<\/span><\/label><br \/><input type='radio' name='answer-372' id='answer-id-1502' class='answer answer-2 ' value='1502' \/><label for='answer-id-1502' id='answer-label-1502' class=' answer label-2'><span>Produit non combustible.<\/span><\/label><br \/><input type='radio' name='answer-372' id='answer-id-1503' class='answer answer-2 ' value='1503' \/><label for='answer-id-1503' id='answer-label-1503' class=' answer label-2'><span>Produit faiblement combustible.<\/span><\/label><br \/><\/div><div class='quizzin-question' id='question-3'><div class='question-content'>3) Classe C<\/div><br \/><input type='hidden' name='question_id[]' value='373' \/><input type='radio' name='answer-373' id='answer-id-1504' class='answer answer-3 ' value='1504' \/><label for='answer-id-1504' id='answer-label-1504' class=' answer label-3'><span>Produit combustible.<\/span><\/label><br \/><input type='radio' name='answer-373' id='answer-id-1505' class='answer answer-3 ' value='1505' \/><label for='answer-id-1505' id='answer-label-1505' class=' answer label-3'><span>Produit tr\u00e8s combustible.<\/span><\/label><br \/><input type='radio' name='answer-373' id='answer-id-1506' class='answer answer-3 ' value='1506' \/><label for='answer-id-1506' id='answer-label-1506' class=' answer label-3'><span>Produit tr\u00e8s inflammable et propagateur de flamme.<\/span><\/label><br \/><\/div><div class='quizzin-question' id='question-4'><div class='question-content'>4) Classe D<\/div><br \/><input type='hidden' name='question_id[]' value='374' \/><input type='radio' name='answer-374' id='answer-id-1510' class='answer answer-4 ' value='1510' \/><label for='answer-id-1510' id='answer-label-1510' class=' answer label-4'><span>Produit combustible.<\/span><\/label><br \/><input type='radio' name='answer-374' id='answer-id-1511' class='answer answer-4 ' value='1511' \/><label for='answer-id-1511' id='answer-label-1511' class=' answer label-4'><span>Produit tr\u00e8s combustible.<\/span><\/label><br \/><input type='radio' name='answer-374' id='answer-id-1512' class='answer answer-4 ' value='1512' \/><label for='answer-id-1512' id='answer-label-1512' class=' answer label-4'><span>Produit tr\u00e8s inflammable et propagateur de flamme.<\/span><\/label><br \/><\/div><div class='quizzin-question' id='question-5'><div class='question-content'>5) Classe E<\/div><br \/><input type='hidden' name='question_id[]' value='375' \/><input type='radio' name='answer-375' id='answer-id-1513' class='answer answer-5 ' value='1513' \/><label for='answer-id-1513' id='answer-label-1513' class=' answer label-5'><span>Produit combustible.<\/span><\/label><br \/><input type='radio' name='answer-375' id='answer-id-1514' class='answer answer-5 ' value='1514' \/><label for='answer-id-1514' id='answer-label-1514' class=' answer label-5'><span>Produit tr\u00e8s combustible.<\/span><\/label><br \/><input type='radio' name='answer-375' id='answer-id-1515' class='answer answer-5 ' value='1515' \/><label for='answer-id-1515' id='answer-label-1515' class=' answer label-5'><span>Produit tr\u00e8s inflammable et propagateur de flamme.<\/span><\/label><br \/><\/div><div class='quizzin-question' id='question-6'><div class='question-content'>6) Le pouvoir calorifique c\u2019est la quantit\u00e9..<\/div><br \/><input type='hidden' name='question_id[]' value='376' \/><input type='radio' name='answer-376' id='answer-id-1516' class='answer answer-6 ' value='1516' \/><label for='answer-id-1516' id='answer-label-1516' class=' answer label-6'><span>de chaleur que d\u00e9gagerait par combustion, l\u2019ensemble des mat\u00e9riaux situ\u00e9s dans le local.<\/span><\/label><br \/><input type='radio' name='answer-376' id='answer-id-1517' class='answer answer-6 ' value='1517' \/><label for='answer-id-1517' id='answer-label-1517' class=' answer label-6'><span>d\u2019\u00e9nergie d\u00e9gag\u00e9e par la combustion compl\u00e8te d\u20191kg de corps solide, liquide, ou d\u20191m3 de gaz<\/span><\/label><br \/><input type='radio' name='answer-376' id='answer-id-1518' class='answer answer-6 ' value='1518' \/><label for='answer-id-1518' id='answer-label-1518' class=' answer label-6'><span>de combustibles en combustion situ\u00e9s dans le local.<\/span><\/label><br \/><\/div><div class='quizzin-question' id='question-7'><div class='question-content'>7) Un mur est pare-flamme lorsque <\/div><br \/><input type='hidden' name='question_id[]' value='377' \/><input type='radio' name='answer-377' id='answer-id-1519' class='answer answer-7 ' value='1519' \/><label for='answer-id-1519' id='answer-label-1519' class=' answer label-7'><span>Seule la r\u00e9sistance m\u00e9canique est requise<\/span><\/label><br \/><input type='radio' name='answer-377' id='answer-id-1520' class='answer answer-7 ' value='1520' \/><label for='answer-id-1520' id='answer-label-1520' class=' answer label-7'><span>Il a une r\u00e9sistance m\u00e9canique + une \u00e9tanch\u00e9it\u00e9 aux flammes et gaz chauds ou inflammables.<\/span><\/label><br \/><input type='radio' name='answer-377' id='answer-id-1521' class='answer answer-7 ' value='1521' \/><label for='answer-id-1521' id='answer-label-1521' class=' answer label-7'><span>Il a une r\u00e9sistance m\u00e9canique + une \u00e9tanch\u00e9it\u00e9 aux flammes et gaz chauds ou inflammables + une isolation thermique<\/span><\/label><br \/><\/div><div class='quizzin-question' id='question-8'><div class='question-content'>8) Un mur est stable au feu lorsque <\/div><br \/><input type='hidden' name='question_id[]' value='378' \/><input type='radio' name='answer-378' id='answer-id-1522' class='answer answer-8 ' value='1522' \/><label for='answer-id-1522' id='answer-label-1522' class=' answer label-8'><span>Seule la r\u00e9sistance m\u00e9canique est requise<\/span><\/label><br \/><input type='radio' name='answer-378' id='answer-id-1523' class='answer answer-8 ' value='1523' \/><label for='answer-id-1523' id='answer-label-1523' class=' answer label-8'><span>Il a une r\u00e9sistance m\u00e9canique + une \u00e9tanch\u00e9it\u00e9 aux flammes et gaz chauds ou inflammables.<\/span><\/label><br \/><input type='radio' name='answer-378' id='answer-id-1524' class='answer answer-8 ' value='1524' \/><label for='answer-id-1524' id='answer-label-1524' class=' answer label-8'><span>Il a une r\u00e9sistance m\u00e9canique + une \u00e9tanch\u00e9it\u00e9 aux flammes et gaz chauds ou inflammables + une isolation thermique<\/span><\/label><br \/><\/div><div class='quizzin-question' id='question-9'><div class='question-content'>9) Un mur est coupe-feu<\/div><br \/><input type='hidden' name='question_id[]' value='379' \/><input type='radio' name='answer-379' id='answer-id-1525' class='answer answer-9 ' value='1525' \/><label for='answer-id-1525' id='answer-label-1525' class=' answer label-9'><span>Seule la r\u00e9sistance m\u00e9canique est requise<\/span><\/label><br \/><input type='radio' name='answer-379' id='answer-id-1526' class='answer answer-9 ' value='1526' \/><label for='answer-id-1526' id='answer-label-1526' class=' answer label-9'><span>Il a une r\u00e9sistance m\u00e9canique + une \u00e9tanch\u00e9it\u00e9 aux flammes et gaz chauds ou inflammables.<\/span><\/label><br \/><input type='radio' name='answer-379' id='answer-id-1527' class='answer answer-9 ' value='1527' \/><label for='answer-id-1527' id='answer-label-1527' class=' answer label-9'><span>Il a une r\u00e9sistance m\u00e9canique + une \u00e9tanch\u00e9it\u00e9 aux flammes et gaz chauds ou inflammables + une isolation thermique<\/span><\/label><br \/><\/div><div class='quizzin-question' id='question-10'><div class='question-content'>10) Le potentiel calorifique c\u2019est la quantit\u00e9..<\/div><br \/><input type='hidden' name='question_id[]' value='380' \/><input type='radio' name='answer-380' id='answer-id-1528' class='answer answer-10 ' value='1528' \/><label for='answer-id-1528' id='answer-label-1528' class=' answer label-10'><span>de chaleur que d\u00e9gagerait par combustion, l\u2019ensemble des mat\u00e9riaux situ\u00e9s dans le local.<\/span><\/label><br \/><input type='radio' name='answer-380' id='answer-id-1529' class='answer answer-10 ' value='1529' \/><label for='answer-id-1529' id='answer-label-1529' class=' answer label-10'><span>d\u2019\u00e9nergie d\u00e9gag\u00e9e par la combustion compl\u00e8te d\u20191kg de corps solide, liquide, ou d\u20191m3 de gaz<\/span><\/label><br \/><input type='radio' name='answer-380' id='answer-id-1530' class='answer answer-10 ' value='1530' \/><label for='answer-id-1530' id='answer-label-1530' class=' answer label-10'><span>de combustibles en combustion situ\u00e9s dans le local.<\/span><\/label><br \/><\/div><br \/>\r\n<input type=\"button\" id=\"next-question\" value=\"Suivant &gt;\"  \/><br \/>\r\n\r\n<input type=\"submit\" name=\"action\" id=\"action-button\" value=\"Voir le r\u00e9sultat\"  \/>\r\n<input type=\"hidden\" name=\"quiz_id\" value=\"40\" \/>\r\n<\/form>\r\n<\/div>\r\n\r\n\n","protected":false},"excerpt":{"rendered":"","protected":false},"author":1,"featured_media":0,"parent":2542,"menu_order":0,"comment_status":"closed","ping_status":"closed","template":"","meta":{"ngg_post_thumbnail":0,"_themeisle_gutenberg_block_has_review":false,"footnotes":""},"class_list":["post-867","page","type-page","status-publish","hentry"],"_links":{"self":[{"href":"https:\/\/www.jsp-saintmauricedebeynost.com\/index.php?rest_route=\/wp\/v2\/pages\/867","targetHints":{"allow":["GET"]}}],"collection":[{"href":"https:\/\/www.jsp-saintmauricedebeynost.com\/index.php?rest_route=\/wp\/v2\/pages"}],"about":[{"href":"https:\/\/www.jsp-saintmauricedebeynost.com\/index.php?rest_route=\/wp\/v2\/types\/page"}],"author":[{"embeddable":true,"href":"https:\/\/www.jsp-saintmauricedebeynost.com\/index.php?rest_route=\/wp\/v2\/users\/1"}],"replies":[{"embeddable":true,"href":"https:\/\/www.jsp-saintmauricedebeynost.com\/index.php?rest_route=%2Fwp%2Fv2%2Fcomments&post=867"}],"version-history":[{"count":3,"href":"https:\/\/www.jsp-saintmauricedebeynost.com\/index.php?rest_route=\/wp\/v2\/pages\/867\/revisions"}],"predecessor-version":[{"id":945,"href":"https:\/\/www.jsp-saintmauricedebeynost.com\/index.php?rest_route=\/wp\/v2\/pages\/867\/revisions\/945"}],"up":[{"embeddable":true,"href":"https:\/\/www.jsp-saintmauricedebeynost.com\/index.php?rest_route=\/wp\/v2\/pages\/2542"}],"wp:attachment":[{"href":"https:\/\/www.jsp-saintmauricedebeynost.com\/index.php?rest_route=%2Fwp%2Fv2%2Fmedia&parent=867"}],"curies":[{"name":"wp","href":"https:\/\/api.w.org\/{rel}","templated":true}]}}