{"id":847,"date":"2013-08-29T23:26:17","date_gmt":"2013-08-29T22:26:17","guid":{"rendered":"http:\/\/www.jsp-saintmauricedebeynost.com\/?page_id=847"},"modified":"2020-09-10T17:57:39","modified_gmt":"2020-09-10T16:57:39","slug":"moyens-de-production-mousse","status":"publish","type":"page","link":"https:\/\/www.jsp-saintmauricedebeynost.com\/?page_id=847","title":{"rendered":"Moyens de production mousse"},"content":{"rendered":"<link type=\"text\/css\" rel=\"stylesheet\" href=\"http:\/\/www.jsp-saintmauricedebeynost.com\/wp-content\/plugins\/quizzin\/style.css\" \/>\r\n<script type=\"text\/javascript\" src=\"http:\/\/www.jsp-saintmauricedebeynost.com\/wp-includes\/js\/jquery\/jquery.js\"><\/script>\r\n<script type=\"text\/javascript\" src=\"http:\/\/www.jsp-saintmauricedebeynost.com\/wp-content\/plugins\/quizzin\/script.js\"><\/script>\r\n\r\n<div class=\"quiz-area single-page-quiz\">\r\n<form action=\"\" method=\"post\" class=\"quiz-form\" id=\"quiz-35\">\r\n<div class='quizzin-question' id='question-1'><div class='question-content'>1) De quoi est compos\u00e9e la mousse ?<\/div><br \/><input type='hidden' name='question_id[]' value='321' \/><input type='radio' name='answer-321' id='answer-id-2476' class='answer answer-1 ' value='2476' \/><label for='answer-id-2476' id='answer-label-2476' class=' answer label-1'><span>de l\u2019eau, de l\u2019\u00e9mulseur (solution moussante) et de l\u2019air<\/span><\/label><br \/><input type='radio' name='answer-321' id='answer-id-2477' class='answer answer-1 ' value='2477' \/><label for='answer-id-2477' id='answer-label-2477' class=' answer label-1'><span>de poudre m\u00e9lang\u00e9e \u00e0 de l\u2019eau<\/span><\/label><br \/><input type='radio' name='answer-321' id='answer-id-2478' class='answer answer-1 ' value='2478' \/><label for='answer-id-2478' id='answer-label-2478' class=' answer label-1'><span>de l\u2019eau avec de l\u2019air<\/span><\/label><br \/><\/div><div class='quizzin-question' id='question-2'><div class='question-content'>2) De quelle mani\u00e8re la mousse agit elle sur le feu ?<\/div><br \/><input type='hidden' name='question_id[]' value='322' \/><input type='radio' name='answer-322' id='answer-id-1351' class='answer answer-2 ' value='1351' \/><label for='answer-id-1351' id='answer-label-1351' class=' answer label-2'><span>par inhibition<\/span><\/label><br \/><input type='radio' name='answer-322' id='answer-id-1352' class='answer answer-2 ' value='1352' \/><label for='answer-id-1352' id='answer-label-1352' class=' answer label-2'><span>par soufflage (enlever la flamme, l\u2019\u00e9nergie d\u2019activation)<\/span><\/label><br \/><input type='radio' name='answer-322' id='answer-id-1353' class='answer answer-2 ' value='1353' \/><label for='answer-id-1353' id='answer-label-1353' class=' answer label-2'><span>par refroidissement et \u00e9touffement<\/span><\/label><br \/><\/div><div class='quizzin-question' id='question-3'><div class='question-content'>3) L\u2019appareil permettant le m\u00e9lange pour obtenir la mousse s\u2019appelle :<\/div><br \/><input type='hidden' name='question_id[]' value='323' \/><input type='radio' name='answer-323' id='answer-id-1354' class='answer answer-3 ' value='1354' \/><label for='answer-id-1354' id='answer-label-1354' class=' answer label-3'><span>l\u2019hydro-\u00e9jecteur<\/span><\/label><br \/><input type='radio' name='answer-323' id='answer-id-1355' class='answer answer-3 ' value='1355' \/><label for='answer-id-1355' id='answer-label-1355' class=' answer label-3'><span>l\u2019injecteur-proportionneur<\/span><\/label><br \/><input type='radio' name='answer-323' id='answer-id-1356' class='answer answer-3 ' value='1356' \/><label for='answer-id-1356' id='answer-label-1356' class=' answer label-3'><span>le syst\u00e8me de Venturi<\/span><\/label><br \/><\/div><div class='quizzin-question' id='question-4'><div class='question-content'>4) Le syst\u00e8me de Venturi sur l\u2019appareil pr\u00e9c\u00e9dent sert \u00e0 :<\/div><br \/><input type='hidden' name='question_id[]' value='324' \/><input type='radio' name='answer-324' id='answer-id-1357' class='answer answer-4 ' value='1357' \/><label for='answer-id-1357' id='answer-label-1357' class=' answer label-4'><span>aspirer l\u2019\u00e9mulseur qui remontera par la canne plongeuse gr\u00e2ce \u00e0 une d\u00e9pression<\/span><\/label><br \/><input type='radio' name='answer-324' id='answer-id-1358' class='answer answer-4 ' value='1358' \/><label for='answer-id-1358' id='answer-label-1358' class=' answer label-4'><span>cr\u00e9er de l\u2019air pour le m\u00e9lange de mousse<\/span><\/label><br \/><input type='radio' name='answer-324' id='answer-id-1359' class='answer answer-4 ' value='1359' \/><label for='answer-id-1359' id='answer-label-1359' class=' answer label-4'><span>donner de la puissance au jet de la lance mousse<\/span><\/label><br \/><\/div><div class='quizzin-question' id='question-5'><div class='question-content'>5) Les lances g\u00e9n\u00e9ratrices de mousses comprennent :<\/div><br \/><input type='hidden' name='question_id[]' value='325' \/><input type='radio' name='answer-325' id='answer-id-1360' class='answer answer-5 ' value='1360' \/><label for='answer-id-1360' id='answer-label-1360' class=' answer label-5'><span>le g\u00e9n\u00e9rateur de mousse et la lance \u00e0 projection<\/span><\/label><br \/><input type='radio' name='answer-325' id='answer-id-1361' class='answer answer-5 ' value='1361' \/><label for='answer-id-1361' id='answer-label-1361' class=' answer label-5'><span>la lance \u00e0 d\u00e9versement et la lance \u00e0 projection<\/span><\/label><br \/><input type='radio' name='answer-325' id='answer-id-1362' class='answer answer-5 ' value='1362' \/><label for='answer-id-1362' id='answer-label-1362' class=' answer label-5'><span>la lance \u00e0 d\u00e9versement et la lance canon<\/span><\/label><br \/><\/div><div class='quizzin-question' id='question-6'><div class='question-content'>6) Le g\u00e9n\u00e9rateur de mousse permet d\u2019obtenir une mousse de :<\/div><br \/><input type='hidden' name='question_id[]' value='326' \/><input type='radio' name='answer-326' id='answer-id-1363' class='answer answer-6 ' value='1363' \/><label for='answer-id-1363' id='answer-label-1363' class=' answer label-6'><span>Bas foisonnement<\/span><\/label><br \/><input type='radio' name='answer-326' id='answer-id-1364' class='answer answer-6 ' value='1364' \/><label for='answer-id-1364' id='answer-label-1364' class=' answer label-6'><span>Moyen foisonnement<\/span><\/label><br \/><input type='radio' name='answer-326' id='answer-id-1365' class='answer answer-6 ' value='1365' \/><label for='answer-id-1365' id='answer-label-1365' class=' answer label-6'><span>Haut foisonnement<\/span><\/label><br \/><\/div><div class='quizzin-question' id='question-7'><div class='question-content'>7) Le taux de concentration est d\u00e9fini par :<\/div><br \/><input type='hidden' name='question_id[]' value='327' \/><input type='radio' name='answer-327' id='answer-id-1366' class='answer answer-7 ' value='1366' \/><label for='answer-id-1366' id='answer-label-1366' class=' answer label-7'><span>le volume d\u2019\u00e9mulseur\/le volume de solution moussante (eau+\u00e9mulseur)<\/span><\/label><br \/><input type='radio' name='answer-327' id='answer-id-1367' class='answer answer-7 ' value='1367' \/><label for='answer-id-1367' id='answer-label-1367' class=' answer label-7'><span>le volume de mousse\/ le volume de solution moussante (eau+\u00e9mulseur)<\/span><\/label><br \/><input type='radio' name='answer-327' id='answer-id-1368' class='answer answer-7 ' value='1368' \/><label for='answer-id-1368' id='answer-label-1368' class=' answer label-7'><span>le volume de mousse\/le volume d\u2019\u00e9mulseur<\/span><\/label><br \/><\/div><div class='quizzin-question' id='question-8'><div class='question-content'>8) Le taux de foisonnement est d\u00e9fini par :<\/div><br \/><input type='hidden' name='question_id[]' value='328' \/><input type='radio' name='answer-328' id='answer-id-1369' class='answer answer-8 ' value='1369' \/><label for='answer-id-1369' id='answer-label-1369' class=' answer label-8'><span>le volume d\u2019\u00e9mulseur\/le volume de solution moussante (eau+\u00e9mulseur)<\/span><\/label><br \/><input type='radio' name='answer-328' id='answer-id-1370' class='answer answer-8 ' value='1370' \/><label for='answer-id-1370' id='answer-label-1370' class=' answer label-8'><span>le volume de mousse\/ le volume de solution moussante (eau+\u00e9mulseur)<\/span><\/label><br \/><input type='radio' name='answer-328' id='answer-id-1371' class='answer answer-8 ' value='1371' \/><label for='answer-id-1371' id='answer-label-1371' class=' answer label-8'><span>le volume de mousse\/le volume d\u2019\u00e9mulseur<\/span><\/label><br \/><\/div><div class='quizzin-question' id='question-9'><div class='question-content'>9) Le rendement est d\u00e9fini par :<\/div><br \/><input type='hidden' name='question_id[]' value='329' \/><input type='radio' name='answer-329' id='answer-id-1372' class='answer answer-9 ' value='1372' \/><label for='answer-id-1372' id='answer-label-1372' class=' answer label-9'><span>le volume d\u2019\u00e9mulseur\/le volume de solution moussante (eau+\u00e9mulseur)<\/span><\/label><br \/><input type='radio' name='answer-329' id='answer-id-1373' class='answer answer-9 ' value='1373' \/><label for='answer-id-1373' id='answer-label-1373' class=' answer label-9'><span>le volume de mousse\/ le volume de solution moussante (eau+\u00e9mulseur)<\/span><\/label><br \/><input type='radio' name='answer-329' id='answer-id-1374' class='answer answer-9 ' value='1374' \/><label for='answer-id-1374' id='answer-label-1374' class=' answer label-9'><span>le volume de mousse\/le volume d\u2019\u00e9mulseur<\/span><\/label><br \/><\/div><div class='quizzin-question' id='question-10'><div class='question-content'>10) La mousse agit :<\/div><br \/><input type='hidden' name='question_id[]' value='330' \/><input type='radio' name='answer-330' id='answer-id-2479' class='answer answer-10 ' value='2479' \/><label for='answer-id-2479' id='answer-label-2479' class=' answer label-10'><span>en absorbant le combustible<\/span><\/label><br \/><input type='radio' name='answer-330' id='answer-id-2480' class='answer answer-10 ' value='2480' \/><label for='answer-id-2480' id='answer-label-2480' class=' answer label-10'><span>en recouvrant le combustible et emp\u00eachant les vapeurs inflammables de br\u00fbler<\/span><\/label><br \/><input type='radio' name='answer-330' id='answer-id-2481' class='answer answer-10 ' value='2481' \/><label for='answer-id-2481' id='answer-label-2481' class=' answer label-10'><span>en absorbant l'eau<\/span><\/label><br \/><\/div><br \/>\r\n<input type=\"button\" id=\"next-question\" value=\"Suivant &gt;\"  \/><br \/>\r\n\r\n<input type=\"submit\" name=\"action\" id=\"action-button\" value=\"Voir le r\u00e9sultat\"  \/>\r\n<input type=\"hidden\" name=\"quiz_id\" value=\"35\" \/>\r\n<\/form>\r\n<\/div>\r\n\r\n\n","protected":false},"excerpt":{"rendered":"","protected":false},"author":1,"featured_media":0,"parent":2542,"menu_order":0,"comment_status":"closed","ping_status":"closed","template":"","meta":{"ngg_post_thumbnail":0,"_themeisle_gutenberg_block_has_review":false,"footnotes":""},"class_list":["post-847","page","type-page","status-publish","hentry"],"_links":{"self":[{"href":"https:\/\/www.jsp-saintmauricedebeynost.com\/index.php?rest_route=\/wp\/v2\/pages\/847","targetHints":{"allow":["GET"]}}],"collection":[{"href":"https:\/\/www.jsp-saintmauricedebeynost.com\/index.php?rest_route=\/wp\/v2\/pages"}],"about":[{"href":"https:\/\/www.jsp-saintmauricedebeynost.com\/index.php?rest_route=\/wp\/v2\/types\/page"}],"author":[{"embeddable":true,"href":"https:\/\/www.jsp-saintmauricedebeynost.com\/index.php?rest_route=\/wp\/v2\/users\/1"}],"replies":[{"embeddable":true,"href":"https:\/\/www.jsp-saintmauricedebeynost.com\/index.php?rest_route=%2Fwp%2Fv2%2Fcomments&post=847"}],"version-history":[{"count":3,"href":"https:\/\/www.jsp-saintmauricedebeynost.com\/index.php?rest_route=\/wp\/v2\/pages\/847\/revisions"}],"predecessor-version":[{"id":947,"href":"https:\/\/www.jsp-saintmauricedebeynost.com\/index.php?rest_route=\/wp\/v2\/pages\/847\/revisions\/947"}],"up":[{"embeddable":true,"href":"https:\/\/www.jsp-saintmauricedebeynost.com\/index.php?rest_route=\/wp\/v2\/pages\/2542"}],"wp:attachment":[{"href":"https:\/\/www.jsp-saintmauricedebeynost.com\/index.php?rest_route=%2Fwp%2Fv2%2Fmedia&parent=847"}],"curies":[{"name":"wp","href":"https:\/\/api.w.org\/{rel}","templated":true}]}}