{"id":829,"date":"2013-08-28T18:17:14","date_gmt":"2013-08-28T17:17:14","guid":{"rendered":"http:\/\/www.jsp-saintmauricedebeynost.com\/?page_id=829"},"modified":"2020-09-10T17:57:39","modified_gmt":"2020-09-10T16:57:39","slug":"les-engins-dincendie","status":"publish","type":"page","link":"https:\/\/www.jsp-saintmauricedebeynost.com\/?page_id=829","title":{"rendered":"Les engins d&rsquo;incendie"},"content":{"rendered":"<link type=\"text\/css\" rel=\"stylesheet\" href=\"http:\/\/www.jsp-saintmauricedebeynost.com\/wp-content\/plugins\/quizzin\/style.css\" \/>\r\n<script type=\"text\/javascript\" src=\"http:\/\/www.jsp-saintmauricedebeynost.com\/wp-includes\/js\/jquery\/jquery.js\"><\/script>\r\n<script type=\"text\/javascript\" src=\"http:\/\/www.jsp-saintmauricedebeynost.com\/wp-content\/plugins\/quizzin\/script.js\"><\/script>\r\n\r\n<div class=\"quiz-area single-page-quiz\">\r\n<form action=\"\" method=\"post\" class=\"quiz-form\" id=\"quiz-31\">\r\n<div class='quizzin-question' id='question-1'><div class='question-content'>1) FPT :<\/div><br \/><input type='hidden' name='question_id[]' value='281' \/><input type='radio' name='answer-281' id='answer-id-1225' class='answer answer-1 ' value='1225' \/><label for='answer-id-1225' id='answer-label-1225' class=' answer label-1'><span>Fourgon poste technique<\/span><\/label><br \/><input type='radio' name='answer-281' id='answer-id-1226' class='answer answer-1 ' value='1226' \/><label for='answer-id-1226' id='answer-label-1226' class=' answer label-1'><span>Fourgon pompe tonne<\/span><\/label><br \/><input type='radio' name='answer-281' id='answer-id-1227' class='answer answer-1 ' value='1227' \/><label for='answer-id-1227' id='answer-label-1227' class=' answer label-1'><span>Fourgon pour transport<\/span><\/label><br \/><\/div><div class='quizzin-question' id='question-2'><div class='question-content'>2) VSAV :<\/div><br \/><input type='hidden' name='question_id[]' value='282' \/><input type='radio' name='answer-282' id='answer-id-1228' class='answer answer-2 ' value='1228' \/><label for='answer-id-1228' id='answer-label-1228' class=' answer label-2'><span>V\u00e9hicule de secours et d\u2019assistance aux victimes<\/span><\/label><br \/><input type='radio' name='answer-282' id='answer-id-1229' class='answer answer-2 ' value='1229' \/><label for='answer-id-1229' id='answer-label-1229' class=' answer label-2'><span>V\u00e9hicule de soutient et d\u2019assistance ventilatoire<\/span><\/label><br \/><input type='radio' name='answer-282' id='answer-id-1230' class='answer answer-2 ' value='1230' \/><label for='answer-id-1230' id='answer-label-1230' class=' answer label-2'><span>V\u00e9hicule de secours a\u00e9roport\u00e9 aux victimes<\/span><\/label><br \/><\/div><div class='quizzin-question' id='question-3'><div class='question-content'>3) VPC : <\/div><br \/><input type='hidden' name='question_id[]' value='283' \/><input type='radio' name='answer-283' id='answer-id-1231' class='answer answer-3 ' value='1231' \/><label for='answer-id-1231' id='answer-label-1231' class=' answer label-3'><span>V\u00e9hicule de premier commandement<\/span><\/label><br \/><input type='radio' name='answer-283' id='answer-id-1232' class='answer answer-3 ' value='1232' \/><label for='answer-id-1232' id='answer-label-1232' class=' answer label-3'><span>V\u00e9hicule porteur chimique<\/span><\/label><br \/><input type='radio' name='answer-283' id='answer-id-1233' class='answer answer-3 ' value='1233' \/><label for='answer-id-1233' id='answer-label-1233' class=' answer label-3'><span>V\u00e9hicule poste de commandement<\/span><\/label><br \/><\/div><div class='quizzin-question' id='question-4'><div class='question-content'>4) DA :<\/div><br \/><input type='hidden' name='question_id[]' value='284' \/><input type='radio' name='answer-284' id='answer-id-1234' class='answer answer-4 ' value='1234' \/><label for='answer-id-1234' id='answer-label-1234' class=' answer label-4'><span>D\u00e9vidoir automobile<\/span><\/label><br \/><input type='radio' name='answer-284' id='answer-id-1235' class='answer answer-4 ' value='1235' \/><label for='answer-id-1235' id='answer-label-1235' class=' answer label-4'><span>D\u00e9fibrillateur automatique<\/span><\/label><br \/><input type='radio' name='answer-284' id='answer-id-1236' class='answer answer-4 ' value='1236' \/><label for='answer-id-1236' id='answer-label-1236' class=' answer label-4'><span>D\u00e9vidoir assist\u00e9<\/span><\/label><br \/><\/div><div class='quizzin-question' id='question-5'><div class='question-content'>5) VPI :<\/div><br \/><input type='hidden' name='question_id[]' value='285' \/><input type='radio' name='answer-285' id='answer-id-1237' class='answer answer-5 ' value='1237' \/><label for='answer-id-1237' id='answer-label-1237' class=' answer label-5'><span>V\u00e9hicule pour incendie<\/span><\/label><br \/><input type='radio' name='answer-285' id='answer-id-1238' class='answer answer-5 ' value='1238' \/><label for='answer-id-1238' id='answer-label-1238' class=' answer label-5'><span>V\u00e9hicule pompe incendie<\/span><\/label><br \/><input type='radio' name='answer-285' id='answer-id-1239' class='answer answer-5 ' value='1239' \/><label for='answer-id-1239' id='answer-label-1239' class=' answer label-5'><span>V\u00e9hicule de premi\u00e8re intervention<\/span><\/label><br \/><\/div><div class='quizzin-question' id='question-6'><div class='question-content'>6) ESP :<\/div><br \/><input type='hidden' name='question_id[]' value='286' \/><input type='radio' name='answer-286' id='answer-id-1240' class='answer answer-6 ' value='1240' \/><label for='answer-id-1240' id='answer-label-1240' class=' answer label-6'><span>Echelle sur porteur<\/span><\/label><br \/><input type='radio' name='answer-286' id='answer-id-1241' class='answer answer-6 ' value='1241' \/><label for='answer-id-1241' id='answer-label-1241' class=' answer label-6'><span>Echelle de sauvetage des personnes<\/span><\/label><br \/><input type='radio' name='answer-286' id='answer-id-1242' class='answer answer-6 ' value='1242' \/><label for='answer-id-1242' id='answer-label-1242' class=' answer label-6'><span>Echelle s\u00e9quentielle pivotante<\/span><\/label><br \/><\/div><div class='quizzin-question' id='question-7'><div class='question-content'>7) VLRTT :<\/div><br \/><input type='hidden' name='question_id[]' value='287' \/><input type='radio' name='answer-287' id='answer-id-1243' class='answer answer-7 ' value='1243' \/><label for='answer-id-1243' id='answer-label-1243' class=' answer label-7'><span>V\u00e9hicule l\u00e9ger radiologique de transport technique<\/span><\/label><br \/><input type='radio' name='answer-287' id='answer-id-1244' class='answer answer-7 ' value='1244' \/><label for='answer-id-1244' id='answer-label-1244' class=' answer label-7'><span>V\u00e9hicule de liaison radio tout terrain<\/span><\/label><br \/><input type='radio' name='answer-287' id='answer-id-1245' class='answer answer-7 ' value='1245' \/><label for='answer-id-1245' id='answer-label-1245' class=' answer label-7'><span>V\u00e9hicule de lutte radiologique technologique et toxique<\/span><\/label><br \/><\/div><div class='quizzin-question' id='question-8'><div class='question-content'>8) CCF :<\/div><br \/><input type='hidden' name='question_id[]' value='288' \/><input type='radio' name='answer-288' id='answer-id-1246' class='answer answer-8 ' value='1246' \/><label for='answer-id-1246' id='answer-label-1246' class=' answer label-8'><span>Camion citerne feu de for\u00eat<\/span><\/label><br \/><input type='radio' name='answer-288' id='answer-id-1247' class='answer answer-8 ' value='1247' \/><label for='answer-id-1247' id='answer-label-1247' class=' answer label-8'><span>Camion contre les feux<\/span><\/label><br \/><input type='radio' name='answer-288' id='answer-id-1248' class='answer answer-8 ' value='1248' \/><label for='answer-id-1248' id='answer-label-1248' class=' answer label-8'><span>Camion compresseur frigorifique<\/span><\/label><br \/><\/div><div class='quizzin-question' id='question-9'><div class='question-content'>9) CE.S.D :<\/div><br \/><input type='hidden' name='question_id[]' value='289' \/><input type='radio' name='answer-289' id='answer-id-1249' class='answer answer-9 ' value='1249' \/><label for='answer-id-1249' id='answer-label-1249' class=' answer label-9'><span>Cellule de secours divers<\/span><\/label><br \/><input type='radio' name='answer-289' id='answer-id-1250' class='answer answer-9 ' value='1250' \/><label for='answer-id-1250' id='answer-label-1250' class=' answer label-9'><span>Cellule sur d\u00e9vidoir<\/span><\/label><br \/><input type='radio' name='answer-289' id='answer-id-1251' class='answer answer-9 ' value='1251' \/><label for='answer-id-1251' id='answer-label-1251' class=' answer label-9'><span>Cellule sauvetage d\u00e9blaiement<\/span><\/label><br \/><\/div><div class='quizzin-question' id='question-10'><div class='question-content'>10) FSR :<\/div><br \/><input type='hidden' name='question_id[]' value='290' \/><input type='radio' name='answer-290' id='answer-id-1252' class='answer answer-10 ' value='1252' \/><label for='answer-id-1252' id='answer-label-1252' class=' answer label-10'><span>Fourgon de secours et r\u00e9animation<\/span><\/label><br \/><input type='radio' name='answer-290' id='answer-id-1253' class='answer answer-10 ' value='1253' \/><label for='answer-id-1253' id='answer-label-1253' class=' answer label-10'><span>Fourgon secours routier <\/span><\/label><br \/><input type='radio' name='answer-290' id='answer-id-1254' class='answer answer-10 ' value='1254' \/><label for='answer-id-1254' id='answer-label-1254' class=' answer label-10'><span>Fourgon de soutient radio<\/span><\/label><br \/><\/div><br \/>\r\n<input type=\"button\" id=\"next-question\" value=\"Suivant &gt;\"  \/><br \/>\r\n\r\n<input type=\"submit\" name=\"action\" id=\"action-button\" value=\"Voir le r\u00e9sultat\"  \/>\r\n<input type=\"hidden\" name=\"quiz_id\" value=\"31\" \/>\r\n<\/form>\r\n<\/div>\r\n\r\n\n","protected":false},"excerpt":{"rendered":"","protected":false},"author":1,"featured_media":0,"parent":2542,"menu_order":0,"comment_status":"closed","ping_status":"closed","template":"","meta":{"ngg_post_thumbnail":0,"_themeisle_gutenberg_block_has_review":false,"footnotes":""},"class_list":["post-829","page","type-page","status-publish","hentry"],"_links":{"self":[{"href":"https:\/\/www.jsp-saintmauricedebeynost.com\/index.php?rest_route=\/wp\/v2\/pages\/829","targetHints":{"allow":["GET"]}}],"collection":[{"href":"https:\/\/www.jsp-saintmauricedebeynost.com\/index.php?rest_route=\/wp\/v2\/pages"}],"about":[{"href":"https:\/\/www.jsp-saintmauricedebeynost.com\/index.php?rest_route=\/wp\/v2\/types\/page"}],"author":[{"embeddable":true,"href":"https:\/\/www.jsp-saintmauricedebeynost.com\/index.php?rest_route=\/wp\/v2\/users\/1"}],"replies":[{"embeddable":true,"href":"https:\/\/www.jsp-saintmauricedebeynost.com\/index.php?rest_route=%2Fwp%2Fv2%2Fcomments&post=829"}],"version-history":[{"count":3,"href":"https:\/\/www.jsp-saintmauricedebeynost.com\/index.php?rest_route=\/wp\/v2\/pages\/829\/revisions"}],"predecessor-version":[{"id":946,"href":"https:\/\/www.jsp-saintmauricedebeynost.com\/index.php?rest_route=\/wp\/v2\/pages\/829\/revisions\/946"}],"up":[{"embeddable":true,"href":"https:\/\/www.jsp-saintmauricedebeynost.com\/index.php?rest_route=\/wp\/v2\/pages\/2542"}],"wp:attachment":[{"href":"https:\/\/www.jsp-saintmauricedebeynost.com\/index.php?rest_route=%2Fwp%2Fv2%2Fmedia&parent=829"}],"curies":[{"name":"wp","href":"https:\/\/api.w.org\/{rel}","templated":true}]}}