{"id":1266,"date":"2014-12-03T16:33:21","date_gmt":"2014-12-03T15:33:21","guid":{"rendered":"http:\/\/www.jsp-saintmauricedebeynost.com\/?page_id=1266"},"modified":"2020-09-10T17:57:40","modified_gmt":"2020-09-10T16:57:40","slug":"degagement-dune-personne-dune-cabine-dascenseur","status":"publish","type":"page","link":"https:\/\/www.jsp-saintmauricedebeynost.com\/?page_id=1266","title":{"rendered":"D\u00e9gagement d\u2019une personne d\u2019une cabine d\u2019ascenseur"},"content":{"rendered":"<link type=\"text\/css\" rel=\"stylesheet\" href=\"http:\/\/www.jsp-saintmauricedebeynost.com\/wp-content\/plugins\/quizzin\/style.css\" \/>\r\n<script type=\"text\/javascript\" src=\"http:\/\/www.jsp-saintmauricedebeynost.com\/wp-includes\/js\/jquery\/jquery.js\"><\/script>\r\n<script type=\"text\/javascript\" src=\"http:\/\/www.jsp-saintmauricedebeynost.com\/wp-content\/plugins\/quizzin\/script.js\"><\/script>\r\n\r\n<div class=\"quiz-area single-page-quiz\">\r\n<form action=\"\" method=\"post\" class=\"quiz-form\" id=\"quiz-99\">\r\n<div class='quizzin-question' id='question-1'><div class='question-content'>1) L\u2019intervention des Sapeurs-Pompiers pour ascenseur bloqu\u00e9 est justifi\u00e9 lorsque :<\/div><br \/><input type='hidden' name='question_id[]' value='962' \/><input type='radio' name='answer-962' id='answer-id-3479' class='answer answer-1 ' value='3479' \/><label for='answer-id-3479' id='answer-label-3479' class=' answer label-1'><span>La personne bloqu\u00e9e pr\u00e9sente une d\u00e9tresse vitale.<\/span><\/label><br \/><input type='radio' name='answer-962' id='answer-id-3480' class='answer answer-1 ' value='3480' \/><label for='answer-id-3480' id='answer-label-3480' class=' answer label-1'><span>Le technicien peut se d\u00e9placer dans la 1\u00e8re heure.<\/span><\/label><br \/><input type='radio' name='answer-962' id='answer-id-3481' class='answer answer-1 ' value='3481' \/><label for='answer-id-3481' id='answer-label-3481' class=' answer label-1'><span>Une personne est bloqu\u00e9e dans la cabine.<\/span><\/label><br \/><\/div><div class='quizzin-question' id='question-2'><div class='question-content'>2) Sur un ascenseur \u00e9lectrique, la remise \u00e0 niveau sera effective lors :<\/div><br \/><input type='hidden' name='question_id[]' value='963' \/><input type='radio' name='answer-963' id='answer-id-3482' class='answer answer-2 ' value='3482' \/><label for='answer-id-3482' id='answer-label-3482' class=' answer label-2'><span>De la visualisation d\u2019un voyant.<\/span><\/label><br \/><input type='radio' name='answer-963' id='answer-id-3483' class='answer answer-2 ' value='3483' \/><label for='answer-id-3483' id='answer-label-3483' class=' answer label-2'><span>Du d\u00e9clenchement d\u2019une alarme sonore.<\/span><\/label><br \/><input type='radio' name='answer-963' id='answer-id-3484' class='answer answer-2 ' value='3484' \/><label for='answer-id-3484' id='answer-label-3484' class=' answer label-2'><span>De la visualisation d\u2019un rep\u00e8re jaune sur les c\u00e2bles.<\/span><\/label><br \/><\/div><div class='quizzin-question' id='question-3'><div class='question-content'>3) Pour monter ou descendre la cabine d\u2019un ascenseur \u00e9lectrique :<\/div><br \/><input type='hidden' name='question_id[]' value='964' \/><input type='radio' name='answer-964' id='answer-id-3485' class='answer answer-3 ' value='3485' \/><label for='answer-id-3485' id='answer-label-3485' class=' answer label-3'><span>On tourne le volant de man\u0153uvre.<\/span><\/label><br \/><input type='radio' name='answer-964' id='answer-id-3486' class='answer answer-3 ' value='3486' \/><label for='answer-id-3486' id='answer-label-3486' class=' answer label-3'><span>On d\u00e9verrouille le levier de d\u00e9blocage et je tourne le volant de man\u0153uvre.<\/span><\/label><br \/><input type='radio' name='answer-964' id='answer-id-3487' class='answer answer-3 ' value='3487' \/><label for='answer-id-3487' id='answer-label-3487' class=' answer label-3'><span>On d\u00e9verrouille le levier de d\u00e9blocage et la cabine se remet en position.<\/span><\/label><br \/><\/div><div class='quizzin-question' id='question-4'><div class='question-content'>4) Les ascenseurs :<\/div><br \/><input type='hidden' name='question_id[]' value='965' \/><input type='radio' name='answer-965' id='answer-id-3488' class='answer answer-4 ' value='3488' \/><label for='answer-id-3488' id='answer-label-3488' class=' answer label-4'><span>Sont tous \u00e9lectrique.<\/span><\/label><br \/><input type='radio' name='answer-965' id='answer-id-3489' class='answer answer-4 ' value='3489' \/><label for='answer-id-3489' id='answer-label-3489' class=' answer label-4'><span>Ont tous un local pour la machinerie.<\/span><\/label><br \/><input type='radio' name='answer-965' id='answer-id-3490' class='answer answer-4 ' value='3490' \/><label for='answer-id-3490' id='answer-label-3490' class=' answer label-4'><span>Ont parfois la man\u0153uvre de secours au dernier palier.<\/span><\/label><br \/><\/div><div class='quizzin-question' id='question-5'><div class='question-content'>5) Que fait-on avant de remettre \u00e0 niveau la cabine ?<\/div><br \/><input type='hidden' name='question_id[]' value='966' \/><input type='radio' name='answer-966' id='answer-id-3491' class='answer answer-5 ' value='3491' \/><label for='answer-id-3491' id='answer-label-3491' class=' answer label-5'><span>Couper le courant sans l\u2019\u00e9clairage cabine et machinerie.<\/span><\/label><br \/><input type='radio' name='answer-966' id='answer-id-3492' class='answer answer-5 ' value='3492' \/><label for='answer-id-3492' id='answer-label-3492' class=' answer label-5'><span>V\u00e9rifier toutes les portes pali\u00e8res et s\u2019assurer de leur verrouillage.<\/span><\/label><br \/><input type='radio' name='answer-966' id='answer-id-3493' class='answer answer-5 ' value='3493' \/><label for='answer-id-3493' id='answer-label-3493' class=' answer label-5'><span>Ouvrir la porte de la cabine.<\/span><\/label><br \/><\/div><div class='quizzin-question' id='question-6'><div class='question-content'>6) Comment d\u00e9parachuter une cabine ?<\/div><br \/><input type='hidden' name='question_id[]' value='967' \/><input type='radio' name='answer-967' id='answer-id-3494' class='answer answer-6 ' value='3494' \/><label for='answer-id-3494' id='answer-label-3494' class=' answer label-6'><span>En coupant et remettant le courant.<\/span><\/label><br \/><input type='radio' name='answer-967' id='answer-id-3495' class='answer answer-6 ' value='3495' \/><label for='answer-id-3495' id='answer-label-3495' class=' answer label-6'><span>En remontant la cabine avec le tire fort.<\/span><\/label><br \/><input type='radio' name='answer-967' id='answer-id-3496' class='answer answer-6 ' value='3496' \/><label for='answer-id-3496' id='answer-label-3496' class=' answer label-6'><span>En utilisant les cl\u00e9s ascenseurs.<\/span><\/label><br \/><\/div><div class='quizzin-question' id='question-7'><div class='question-content'>7) Que fait-on apr\u00e8s avoir d\u00e9gag\u00e9 la personne ?<\/div><br \/><input type='hidden' name='question_id[]' value='968' \/><input type='radio' name='answer-968' id='answer-id-3497' class='answer answer-7 ' value='3497' \/><label for='answer-id-3497' id='answer-label-3497' class=' answer label-7'><span>V\u00e9rifier toutes les portes pali\u00e8res et s\u2019assurer de leur verrouillage.<\/span><\/label><br \/><input type='radio' name='answer-968' id='answer-id-3498' class='answer answer-7 ' value='3498' \/><label for='answer-id-3498' id='answer-label-3498' class=' answer label-7'><span>Monter ou descendre la cabine.<\/span><\/label><br \/><input type='radio' name='answer-968' id='answer-id-3499' class='answer answer-7 ' value='3499' \/><label for='answer-id-3499' id='answer-label-3499' class=' answer label-7'><span>On remet le courant.<\/span><\/label><br \/><\/div><div class='quizzin-question' id='question-8'><div class='question-content'>8) A quoi faut-il faire attention si la remise \u00e0 niveau de la cabine est impossible ?<\/div><br \/><input type='hidden' name='question_id[]' value='969' \/><input type='radio' name='answer-969' id='answer-id-3500' class='answer answer-8 ' value='3500' \/><label for='answer-id-3500' id='answer-label-3500' class=' answer label-8'><span>A la porte pali\u00e8re.<\/span><\/label><br \/><input type='radio' name='answer-969' id='answer-id-3501' class='answer answer-8 ' value='3501' \/><label for='answer-id-3501' id='answer-label-3501' class=' answer label-8'><span>A l\u2019\u00e9lectricit\u00e9.<\/span><\/label><br \/><input type='radio' name='answer-969' id='answer-id-3502' class='answer answer-8 ' value='3502' \/><label for='answer-id-3502' id='answer-label-3502' class=' answer label-8'><span>A l\u2019espace libre donnant acc\u00e8s \u00e0 la gaine.<\/span><\/label><br \/><\/div><div class='quizzin-question' id='question-9'><div class='question-content'>9) Combien de sapeurs-pompiers faut-il pour man\u0153uvrer la cabine?<\/div><br \/><input type='hidden' name='question_id[]' value='970' \/><input type='radio' name='answer-970' id='answer-id-3503' class='answer answer-9 ' value='3503' \/><label for='answer-id-3503' id='answer-label-3503' class=' answer label-9'><span>1 en machinerie et 1 \u00e0 la porte pali\u00e8re.<\/span><\/label><br \/><input type='radio' name='answer-970' id='answer-id-3504' class='answer answer-9 ' value='3504' \/><label for='answer-id-3504' id='answer-label-3504' class=' answer label-9'><span>2 en machinerie et 1 \u00e0 la porte pali\u00e8re.<\/span><\/label><br \/><input type='radio' name='answer-970' id='answer-id-3505' class='answer answer-9 ' value='3505' \/><label for='answer-id-3505' id='answer-label-3505' class=' answer label-9'><span>1 en machinerie et 2 \u00e0 la porte pali\u00e8re.<\/span><\/label><br \/><\/div><div class='quizzin-question' id='question-10'><div class='question-content'>10) Pour communiquer entre la machinerie et la porte pali\u00e8re :<\/div><br \/><input type='hidden' name='question_id[]' value='971' \/><input type='radio' name='answer-971' id='answer-id-3506' class='answer answer-10 ' value='3506' \/><label for='answer-id-3506' id='answer-label-3506' class=' answer label-10'><span>On utilise le t\u00e9l\u00e9phone portable.<\/span><\/label><br \/><input type='radio' name='answer-971' id='answer-id-3507' class='answer answer-10 ' value='3507' \/><label for='answer-id-3507' id='answer-label-3507' class=' answer label-10'><span>On cri dans la gaine.<\/span><\/label><br \/><input type='radio' name='answer-971' id='answer-id-3508' class='answer answer-10 ' value='3508' \/><label for='answer-id-3508' id='answer-label-3508' class=' answer label-10'><span>On utilise 2 postes radio.<\/span><\/label><br \/><\/div><br \/>\r\n<input type=\"button\" id=\"next-question\" value=\"Suivant &gt;\"  \/><br \/>\r\n\r\n<input type=\"submit\" name=\"action\" id=\"action-button\" value=\"Voir le r\u00e9sultat\"  \/>\r\n<input type=\"hidden\" name=\"quiz_id\" value=\"99\" \/>\r\n<\/form>\r\n<\/div>\r\n\r\n\n","protected":false},"excerpt":{"rendered":"","protected":false},"author":1,"featured_media":0,"parent":2549,"menu_order":0,"comment_status":"closed","ping_status":"closed","template":"","meta":{"ngg_post_thumbnail":0,"_themeisle_gutenberg_block_has_review":false,"footnotes":""},"class_list":["post-1266","page","type-page","status-publish","hentry"],"_links":{"self":[{"href":"https:\/\/www.jsp-saintmauricedebeynost.com\/index.php?rest_route=\/wp\/v2\/pages\/1266","targetHints":{"allow":["GET"]}}],"collection":[{"href":"https:\/\/www.jsp-saintmauricedebeynost.com\/index.php?rest_route=\/wp\/v2\/pages"}],"about":[{"href":"https:\/\/www.jsp-saintmauricedebeynost.com\/index.php?rest_route=\/wp\/v2\/types\/page"}],"author":[{"embeddable":true,"href":"https:\/\/www.jsp-saintmauricedebeynost.com\/index.php?rest_route=\/wp\/v2\/users\/1"}],"replies":[{"embeddable":true,"href":"https:\/\/www.jsp-saintmauricedebeynost.com\/index.php?rest_route=%2Fwp%2Fv2%2Fcomments&post=1266"}],"version-history":[{"count":2,"href":"https:\/\/www.jsp-saintmauricedebeynost.com\/index.php?rest_route=\/wp\/v2\/pages\/1266\/revisions"}],"predecessor-version":[{"id":1268,"href":"https:\/\/www.jsp-saintmauricedebeynost.com\/index.php?rest_route=\/wp\/v2\/pages\/1266\/revisions\/1268"}],"up":[{"embeddable":true,"href":"https:\/\/www.jsp-saintmauricedebeynost.com\/index.php?rest_route=\/wp\/v2\/pages\/2549"}],"wp:attachment":[{"href":"https:\/\/www.jsp-saintmauricedebeynost.com\/index.php?rest_route=%2Fwp%2Fv2%2Fmedia&parent=1266"}],"curies":[{"name":"wp","href":"https:\/\/api.w.org\/{rel}","templated":true}]}}