{"id":1213,"date":"2014-10-26T22:16:05","date_gmt":"2014-10-26T21:16:05","guid":{"rendered":"http:\/\/www.jsp-saintmauricedebeynost.com\/?page_id=1213"},"modified":"2020-09-10T17:57:39","modified_gmt":"2020-09-10T16:57:39","slug":"protocole-et-ceremonie","status":"publish","type":"page","link":"https:\/\/www.jsp-saintmauricedebeynost.com\/?page_id=1213","title":{"rendered":"Protocole et c\u00e9r\u00e9monie"},"content":{"rendered":"<link type=\"text\/css\" rel=\"stylesheet\" href=\"http:\/\/www.jsp-saintmauricedebeynost.com\/wp-content\/plugins\/quizzin\/style.css\" \/>\r\n<script type=\"text\/javascript\" src=\"http:\/\/www.jsp-saintmauricedebeynost.com\/wp-includes\/js\/jquery\/jquery.js\"><\/script>\r\n<script type=\"text\/javascript\" src=\"http:\/\/www.jsp-saintmauricedebeynost.com\/wp-content\/plugins\/quizzin\/script.js\"><\/script>\r\n\r\n<div class=\"quiz-area single-page-quiz\">\r\n<form action=\"\" method=\"post\" class=\"quiz-form\" id=\"quiz-90\">\r\n<div class='quizzin-question' id='question-1'><div class='question-content'>1) L\u2019embl\u00e8me national de la V\u00e8me r\u00e9publique est :<\/div><br \/><input type='hidden' name='question_id[]' value='872' \/><input type='radio' name='answer-872' id='answer-id-3191' class='answer answer-1 ' value='3191' \/><label for='answer-id-3191' id='answer-label-3191' class=' answer label-1'><span>Le drapeau tricolore.<\/span><\/label><br \/><input type='radio' name='answer-872' id='answer-id-3192' class='answer answer-1 ' value='3192' \/><label for='answer-id-3192' id='answer-label-3192' class=' answer label-1'><span>Le drapeau blanc.<\/span><\/label><br \/><input type='radio' name='answer-872' id='answer-id-3193' class='answer answer-1 ' value='3193' \/><label for='answer-id-3193' id='answer-label-3193' class=' answer label-1'><span>L\u2019alimentaire.<\/span><\/label><br \/><\/div><div class='quizzin-question' id='question-2'><div class='question-content'>2) L\u2019hymne national fran\u00e7ais est :<\/div><br \/><input type='hidden' name='question_id[]' value='873' \/><input type='radio' name='answer-873' id='answer-id-3194' class='answer answer-2 ' value='3194' \/><label for='answer-id-3194' id='answer-label-3194' class=' answer label-2'><span>La Lyonnaise.<\/span><\/label><br \/><input type='radio' name='answer-873' id='answer-id-3195' class='answer answer-2 ' value='3195' \/><label for='answer-id-3195' id='answer-label-3195' class=' answer label-2'><span>La Marseillaise.<\/span><\/label><br \/><input type='radio' name='answer-873' id='answer-id-3196' class='answer answer-2 ' value='3196' \/><label for='answer-id-3196' id='answer-label-3196' class=' answer label-2'><span>La Parisienne.<\/span><\/label><br \/><\/div><div class='quizzin-question' id='question-3'><div class='question-content'>3) Le compositeur de l\u2019hymne national fran\u00e7ais est :<\/div><br \/><input type='hidden' name='question_id[]' value='874' \/><input type='radio' name='answer-874' id='answer-id-3197' class='answer answer-3 ' value='3197' \/><label for='answer-id-3197' id='answer-label-3197' class=' answer label-3'><span>Rouget de lisle.<\/span><\/label><br \/><input type='radio' name='answer-874' id='answer-id-3198' class='answer answer-3 ' value='3198' \/><label for='answer-id-3198' id='answer-label-3198' class=' answer label-3'><span>Mozart.<\/span><\/label><br \/><input type='radio' name='answer-874' id='answer-id-3199' class='answer answer-3 ' value='3199' \/><label for='answer-id-3199' id='answer-label-3199' class=' answer label-3'><span>Gossec.<\/span><\/label><br \/><\/div><div class='quizzin-question' id='question-4'><div class='question-content'>4) Ne pas respecter le drapeau fran\u00e7ais est punissable de :<\/div><br \/><input type='hidden' name='question_id[]' value='875' \/><input type='radio' name='answer-875' id='answer-id-3200' class='answer answer-4 ' value='3200' \/><label for='answer-id-3200' id='answer-label-3200' class=' answer label-4'><span>1500\u20ac.<\/span><\/label><br \/><input type='radio' name='answer-875' id='answer-id-3201' class='answer answer-4 ' value='3201' \/><label for='answer-id-3201' id='answer-label-3201' class=' answer label-4'><span>7500\u20ac.<\/span><\/label><br \/><input type='radio' name='answer-875' id='answer-id-3202' class='answer answer-4 ' value='3202' \/><label for='answer-id-3202' id='answer-label-3202' class=' answer label-4'><span>10000\u20ac.<\/span><\/label><br \/><\/div><div class='quizzin-question' id='question-5'><div class='question-content'>5) Un symbole de la r\u00e9publique fran\u00e7aise :<\/div><br \/><input type='hidden' name='question_id[]' value='876' \/><input type='radio' name='answer-876' id='answer-id-3203' class='answer answer-5 ' value='3203' \/><label for='answer-id-3203' id='answer-label-3203' class=' answer label-5'><span>Les monuments.<\/span><\/label><br \/><input type='radio' name='answer-876' id='answer-id-3204' class='answer answer-5 ' value='3204' \/><label for='answer-id-3204' id='answer-label-3204' class=' answer label-5'><span>Le drapeau blanc.<\/span><\/label><br \/><input type='radio' name='answer-876' id='answer-id-3205' class='answer answer-5 ' value='3205' \/><label for='answer-id-3205' id='answer-label-3205' class=' answer label-5'><span>Le coq gaulois.<\/span><\/label><br \/><\/div><div class='quizzin-question' id='question-6'><div class='question-content'>6) La constitution est de :<\/div><br \/><input type='hidden' name='question_id[]' value='877' \/><input type='radio' name='answer-877' id='answer-id-3206' class='answer answer-6 ' value='3206' \/><label for='answer-id-3206' id='answer-label-3206' class=' answer label-6'><span>1948.<\/span><\/label><br \/><input type='radio' name='answer-877' id='answer-id-3207' class='answer answer-6 ' value='3207' \/><label for='answer-id-3207' id='answer-label-3207' class=' answer label-6'><span>1958.<\/span><\/label><br \/><input type='radio' name='answer-877' id='answer-id-3208' class='answer answer-6 ' value='3208' \/><label for='answer-id-3208' id='answer-label-3208' class=' answer label-6'><span>1968.<\/span><\/label><br \/><\/div><div class='quizzin-question' id='question-7'><div class='question-content'>7) L\u2019hymne national a \u00e9t\u00e9 compos\u00e9 \u00e0 :<\/div><br \/><input type='hidden' name='question_id[]' value='878' \/><input type='radio' name='answer-878' id='answer-id-3209' class='answer answer-7 ' value='3209' \/><label for='answer-id-3209' id='answer-label-3209' class=' answer label-7'><span>Strasbourg.<\/span><\/label><br \/><input type='radio' name='answer-878' id='answer-id-3210' class='answer answer-7 ' value='3210' \/><label for='answer-id-3210' id='answer-label-3210' class=' answer label-7'><span>Paris.<\/span><\/label><br \/><input type='radio' name='answer-878' id='answer-id-3211' class='answer answer-7 ' value='3211' \/><label for='answer-id-3211' id='answer-label-3211' class=' answer label-7'><span>Lyon.<\/span><\/label><br \/><\/div><div class='quizzin-question' id='question-8'><div class='question-content'>8) L\u2019hymne national a \u00e9t\u00e9 compos\u00e9 en :<\/div><br \/><input type='hidden' name='question_id[]' value='879' \/><input type='radio' name='answer-879' id='answer-id-3212' class='answer answer-8 ' value='3212' \/><label for='answer-id-3212' id='answer-label-3212' class=' answer label-8'><span>1789.<\/span><\/label><br \/><input type='radio' name='answer-879' id='answer-id-3213' class='answer answer-8 ' value='3213' \/><label for='answer-id-3213' id='answer-label-3213' class=' answer label-8'><span>1792.<\/span><\/label><br \/><input type='radio' name='answer-879' id='answer-id-3214' class='answer answer-8 ' value='3214' \/><label for='answer-id-3214' id='answer-label-3214' class=' answer label-8'><span>1795.<\/span><\/label><br \/><\/div><div class='quizzin-question' id='question-9'><div class='question-content'>9) Actuellement, l\u2019hymne national comporte :<\/div><br \/><input type='hidden' name='question_id[]' value='880' \/><input type='radio' name='answer-880' id='answer-id-3215' class='answer answer-9 ' value='3215' \/><label for='answer-id-3215' id='answer-label-3215' class=' answer label-9'><span>5 couplets.<\/span><\/label><br \/><input type='radio' name='answer-880' id='answer-id-3216' class='answer answer-9 ' value='3216' \/><label for='answer-id-3216' id='answer-label-3216' class=' answer label-9'><span>6 couplets.<\/span><\/label><br \/><input type='radio' name='answer-880' id='answer-id-3217' class='answer answer-9 ' value='3217' \/><label for='answer-id-3217' id='answer-label-3217' class=' answer label-9'><span>7 couplets.<\/span><\/label><br \/><\/div><div class='quizzin-question' id='question-10'><div class='question-content'>10) La musique de \u00ab la Marseillaise \u00bb est jou\u00e9e :<\/div><br \/><input type='hidden' name='question_id[]' value='881' \/><input type='radio' name='answer-881' id='answer-id-3218' class='answer answer-10 ' value='3218' \/><label for='answer-id-3218' id='answer-label-3218' class=' answer label-10'><span>Avant la minute de silence lors d\u2019un hommage rendu aux morts.<\/span><\/label><br \/><input type='radio' name='answer-881' id='answer-id-3219' class='answer answer-10 ' value='3219' \/><label for='answer-id-3219' id='answer-label-3219' class=' answer label-10'><span>Pendant la minute de silence lors d\u2019un hommage rendu aux morts.<\/span><\/label><br \/><input type='radio' name='answer-881' id='answer-id-3220' class='answer answer-10 ' value='3220' \/><label for='answer-id-3220' id='answer-label-3220' class=' answer label-10'><span>A la fin de la minute de silence lors d\u2019un hommage rendu aux morts.<\/span><\/label><br \/><\/div><br \/>\r\n<input type=\"button\" id=\"next-question\" value=\"Suivant &gt;\"  \/><br \/>\r\n\r\n<input type=\"submit\" name=\"action\" id=\"action-button\" value=\"Voir le r\u00e9sultat\"  \/>\r\n<input type=\"hidden\" name=\"quiz_id\" value=\"90\" \/>\r\n<\/form>\r\n<\/div>\r\n\r\n\n","protected":false},"excerpt":{"rendered":"","protected":false},"author":1,"featured_media":0,"parent":2542,"menu_order":0,"comment_status":"closed","ping_status":"closed","template":"","meta":{"ngg_post_thumbnail":0,"_themeisle_gutenberg_block_has_review":false,"footnotes":""},"class_list":["post-1213","page","type-page","status-publish","hentry"],"_links":{"self":[{"href":"https:\/\/www.jsp-saintmauricedebeynost.com\/index.php?rest_route=\/wp\/v2\/pages\/1213","targetHints":{"allow":["GET"]}}],"collection":[{"href":"https:\/\/www.jsp-saintmauricedebeynost.com\/index.php?rest_route=\/wp\/v2\/pages"}],"about":[{"href":"https:\/\/www.jsp-saintmauricedebeynost.com\/index.php?rest_route=\/wp\/v2\/types\/page"}],"author":[{"embeddable":true,"href":"https:\/\/www.jsp-saintmauricedebeynost.com\/index.php?rest_route=\/wp\/v2\/users\/1"}],"replies":[{"embeddable":true,"href":"https:\/\/www.jsp-saintmauricedebeynost.com\/index.php?rest_route=%2Fwp%2Fv2%2Fcomments&post=1213"}],"version-history":[{"count":2,"href":"https:\/\/www.jsp-saintmauricedebeynost.com\/index.php?rest_route=\/wp\/v2\/pages\/1213\/revisions"}],"predecessor-version":[{"id":1215,"href":"https:\/\/www.jsp-saintmauricedebeynost.com\/index.php?rest_route=\/wp\/v2\/pages\/1213\/revisions\/1215"}],"up":[{"embeddable":true,"href":"https:\/\/www.jsp-saintmauricedebeynost.com\/index.php?rest_route=\/wp\/v2\/pages\/2542"}],"wp:attachment":[{"href":"https:\/\/www.jsp-saintmauricedebeynost.com\/index.php?rest_route=%2Fwp%2Fv2%2Fmedia&parent=1213"}],"curies":[{"name":"wp","href":"https:\/\/api.w.org\/{rel}","templated":true}]}}